{"id":1659,"date":"2023-10-09T11:50:32","date_gmt":"2023-10-09T09:50:32","guid":{"rendered":"https:\/\/www.french-madeleine.com\/annebo\/?post_type=product&#038;p=1659"},"modified":"2025-08-02T12:54:26","modified_gmt":"2025-08-02T10:54:26","slug":"etui-aire-36","status":"publish","type":"product","link":"https:\/\/www.french-madeleine.com\/annebo\/rescue\/etui-aire-36\/","title":{"rendered":"Etui Aire 36"},"content":{"rendered":"<p>Lavable \u00e0 30\u00b0C dans un filet de lavage<br \/>\nDimensions : environ 8&#215;10,5 cm<\/p>\n<p>Peut contenir vos Airpods ou vos cartes.<\/p>\n<p><img loading=\"lazy\" decoding=\"async\" class=\"alignnone wp-image-1455 \" src=\"https:\/\/www.french-madeleine.com\/annebo\/wp-content\/uploads\/2023\/09\/IMG_7647-scaled.jpg\" alt=\"\" width=\"391\" height=\"307\" \/><\/p>\n<p>&nbsp;<\/p>\n","protected":false},"excerpt":{"rendered":"<p>Etui \u00e0 Airpods molletonn\u00e9 et doubl\u00e9<br \/>\nPression assortie<br \/>\nRuban brod\u00e9 anne bo<\/p>\n<p>Con\u00e7u pour abriter et retrouver plus facilement vos airpods, cartes bancaires, m\u00e9dicaments, bijoux&#8230;dans vos sacs !<br \/>\nUn accessoire chic et pratique.<\/p>\n<p>&nbsp;<\/p>\n","protected":false},"featured_media":1645,"template":"","meta":{"om_disable_all_campaigns":false,"_monsterinsights_skip_tracking":false,"_monsterinsights_sitenote_active":false,"_monsterinsights_sitenote_note":"","_monsterinsights_sitenote_category":0},"product_cat":[15,19,40],"product_tag":[],"aioseo_notices":[],"_links":{"self":[{"href":"https:\/\/www.french-madeleine.com\/annebo\/wp-json\/wp\/v2\/product\/1659"}],"collection":[{"href":"https:\/\/www.french-madeleine.com\/annebo\/wp-json\/wp\/v2\/product"}],"about":[{"href":"https:\/\/www.french-madeleine.com\/annebo\/wp-json\/wp\/v2\/types\/product"}],"wp:featuredmedia":[{"embeddable":true,"href":"https:\/\/www.french-madeleine.com\/annebo\/wp-json\/wp\/v2\/media\/1645"}],"wp:attachment":[{"href":"https:\/\/www.french-madeleine.com\/annebo\/wp-json\/wp\/v2\/media?parent=1659"}],"wp:term":[{"taxonomy":"product_cat","embeddable":true,"href":"https:\/\/www.french-madeleine.com\/annebo\/wp-json\/wp\/v2\/product_cat?post=1659"},{"taxonomy":"product_tag","embeddable":true,"href":"https:\/\/www.french-madeleine.com\/annebo\/wp-json\/wp\/v2\/product_tag?post=1659"}],"curies":[{"name":"wp","href":"https:\/\/api.w.org\/{rel}","templated":true}]}}